hen 382561248 is divided by 623?
622
Calculate the remainder when 192469 is divided by 6633.
112
What is the remainder when 27777721 is divided by 374?
367
Calculate the remainder when 19572075 is divided by 97.
94
What is the remainder when 4986225 is divided by 235?
230
Calculate the remainder when 28683 is divided by 12666.
3351
What is the remainder when 537786 is divided by 383?
54
Calculate the remainder when 136439600 is divided by 211.
37
Calculate the remainder when 745169 is divided by 1579.
1460
Calculate the remainder when 8135271 is divided by 194.
75
What is the remainder when 210473 is divided by 504?
305
Calculate the remainder when 553367 is divided by 4540.
4027
What is the remainder when 18116 is divided by 159?
149
What is the remainder when 2956124 is divided by 786?
764
Calculate the remainder when 15327841 is divided by 2814.
2797
Calculate the remainder when 1153139 is divided by 396.
383
Calculate the remainder when 1509336 is divided by 754657.
22
Calculate the remainder when 8472812 is divided by 168.
68
What is the remainder when 184503 is divided by 22935?
1023
Calculate the remainder when 48263 is divided by 6173.
5052
What is the remainder when 2021993 is divided by 84?
29
What is the remainder when 158676795 is divided by 64?
59
What is the remainder when 999090 is divided by 333030?
0
Calculate the remainder when 1877963 is divided by 156485.
143
Calculate the remainder when 733 is divided by 240.
13
What is the remainder when 6025995 is divided by 4?
3
What is the remainder when 5420646 is divided by 169?
140
Calculate the remainder when 2257480 is divided by 3750.
3730
Calculate the remainder when 138783205 is divided by 4782.
1
What is the remainder when 638315 is divided by 3845?
45
What is the remainder when 70489453 is divided by 27?
13
What is the remainder when 137602320 is divided by 41434?
6
What is the remainder when 1872322 is divided by 1259?
189
What is the remainder when 22023147 is divided by 386371?
0
Calculate the remainder when 37966323 is divided by 4860.
3
What is the remainder when 31792921 is divided by 2302?
2301
Calculate the remainder when 17473 is divided by 354.
127
Calculate the remainder when 54552 is divided by 26777.
998
Calculate the remainder when 299905802 is divided by 478.
476
What is the remainder when 10235806 is divided by 5117901?
4
What is the remainder when 12534820 is divided by 39542?
6
What is the remainder when 3003833 is divided by 2369?
2310
Calculate the remainder when 636970 is divided by 169.
9
What is the remainder when 29207 is divided by 967?
197
Calculate the remainder when 497105 is divided by 165661.
122
Calculate the remainder when 91074205 is divided by 10119356.
1
Calculate the remainder when 29374 is divided by 28782.
592
What is the remainder when 14103739 is divided by 25?
14
What is the remainder when 5026040 is divided by 11?
8
What is the remainder when 15524385 is divided by 4378?
4375
Calculate the remainder when 22971186 is divided by 352.
18
Calculate the remainder when 239536693 is divided by 199.
194
Calculate the remainder when 530205 is divided by 40697.
1144
What is the remainder when 533214 is divided by 3116?
378
What is the remainder when 58721 is divided by 1023?
410
What is the remainder when 140343 is divided by 3321?
861
Calculate the remainder when 14049446 is divided by 163.
150
What is the remainder when 448999 is divided by 101?
54
What is the remainder when 111111769 is divided by 2950?
19
Calculate the remainder when 590179 is divided by 220.
139
What is the remainder when 11640748 is divided by 59?
48
Calculate the remainder when 610515 is divided by 16051.
577
Calculate the remainder when 5013048 is divided by 39786.
12
Calculate the remainder when 658600 is divided by 18.
16
What is the remainder when 398427 is divided by 2080?
1147
What is the remainder when 5064879 is divided by 366?
171
Calculate the remainder when 4815149 is divided by 1282.
1239
Calculate the remainder when 202598 is divided by 416.
6
Calculate the remainder when 1572738 is divided by 4901.
4418
What is the remainder when 29099230 is divided by 184?
182
Calculate the remainder when 1686568 is divided by 16.
8
Calculate the remainder when 5360192 is divided by 2107.
2091
What is the remainder when 54153 is divided by 1623?
594
What is the remainder when 13331251 is divided by 28918?
53
What is the remainder when 10300803 is divided by 32392?
147
What is the remainder when 400894 is divided by 1327?
140
What is the remainder when 775502909 is divided by 1170?
1169
Calculate the remainder when 11744733 is divided by 189431.
11
Calculate the remainder when 758279 is divided by 949.
28
Calculate the remainder when 322366 is divided by 86.
38
Calculate the remainder when 7410958 is divided by 180.
178
Calculate the remainder when 148873 is divided by 346.
93
Calculate the remainder when 10246941 is divided by 29.
23
What is the remainder when 626047 is divided by 156499?
51
What is the remainder when 88826 is divided by 3551?
51
What is the remainder when 2087049 is divided by 192?
9
What is the remainder when 8273104 is divided by 2757700?
4
What is the remainder when 1094789 is divided by 153?
74
What is the remainder when 380598 is divided by 13?
10
What is the remainder when 5318120 is divided by 886349?
26
What is the remainder when 47080 is divided by 4033?
2717
What is the remainder when 12107396 is divided by 6053671?
54
Calculate the remainder when 23397 is divided by 5545.
1217
What is the remainder when 2850202 is divided by 4101?
7
What is the remainder when 64341 is divided by 2084?
1821
Calculate the remainder when 23901 is divided by 3419.
3387
Calculate the remainder when 314442 is divided by 78605.
22
Calculate the remainder when 19448 is divided by 203.
163
Calculate the remainder when 144773742 is divided by 1979.
1976
What is the remainder when 12983394 is divided by 6491560?
274
Calculate the remainder when 53577216 is divided by 4223.
15
What is the remainder when 187765933 is divided by 13411852?
5
Calculate the remainder when 32280609 is divided by 877.
870
Calculate the remainder when 13639276 is divided by 580.
576
Calculate the remainder when 1052270 is divided by 6301.
3
What is the remainder when 1070013 is divided by 106979?
223
Calculate the remainder when 183273 is divided by 9756.
7665
Calculate the remainder when 11453793 is divided by 11.
10
Calculate the remainder when 13567791 is divided by 4522591.
18
What is the remainder when 1644829 is divided by 548274?
7
What is the remainder when 27669 is divided by 395?
19
What is the remainder when 85451 is divided by 3697?
420
What is the remainder when 3907698 is divided by 558242?
4
What is the remainder when 44553794 is divided by 55?
54
Calculate the remainder when 1759658 is divided by 87.
83
What is the remainder when 18071 is divided by 467?
325
Calculate the remainder when 13288912 is divided by 1809.
1807
What is the remainder when 10982 is divided by 2122?
372
Calculate the remainder when 583050 is divided by 193866.
1452
Calculate the remainder when 56393623 is divided by 59739.
7
Calculate the remainder when 9598441 is divided by 2399603.
29
Calculate the remainder when 159985 is divided by 1758.
7
Calculate the remainder when 4005697 is divided by 286115.
87
Calculate the remainder when 68999706 is divided by 109.
90
What is the remainder when 181369 is divided by 1617?
265
What is the remainder when 463180 is divided by 868?
536
What is the remainder when 774143 is divided by 18?
17
What is the remainder when 101366 is divided by 4054?
16
What is the remainder when 15768952 is divided by 3942235?
12
What is the remainder when 13912 is divided by 12683?
1229
Calculate the remainder when 3859540 is divided by 9.
7
What is the remainder when 71089857 is divided by 11848309?
3
What is the remainder when 1669546 is divided by 1669512?
34
Calculate the remainder when 176644 is divided by 362.
350
What is the remainder when 194431 is divided by 4750?
4431
Calculate the remainder when 11185985 is divided by 11.
8
Calculate the remainder when 21485 is divided by 21299.
186
Calculate the remainder when 1319764 is divided by 198.
94
Calculate the remainder when 135060